132
Suppose 8*z - 19*z + 525 + 982 = 0. What is the remainder when 511 is divided by z?
100
Suppose 5*g = -5*p + 30, -5*p - 2*g + 15 = -3. What is the remainder when (-10)/4*(3 + p)*-18 is divided by 16/12*(-57)/(-2)?
35
Suppose -109 = 4*p - 3*z, 2*z = 3*p + z + 78. Suppose 2*w + 9 - 95 = 0. Calculate the remainder when w is divided by 3/(-2 - p/11).
10
Suppose -131*j - 2518 + 43862 = 5*j. What is the remainder when 321 is divided by j?
17
Let b(y) = -y**3 - 31 + 24 - 5*y**2 - 4*y**2 - 29 - 4*y. Let w be b(-8). Let x = w + 86. What is the remainder when 106 is divided by x?
16
Let m(r) = 7*r**2 + 33*r - 38. Let v be m(-18). Let q = v + -1093. Calculate the remainder when q is divided by 17.
16
Suppose 2*v + 85 = 5*d - 24, -3*d + v + 66 = 0. Suppose -3*c + d = 5. What is the remainder when ((-12)/6)/((-288)/(-504)*(-7)/34) is divided by c?
5
Let k = 335 - 327. Suppose -99 = -k*o + 189. Calculate the remainder when 105 is divided by o.
33
Suppose -2*s + 2 = 12. Let g = 1 - s. What is the remainder when -3 - ((-986)/17 - 1) is divided by g?
2
Suppose 111 = 2*x - 85. Let k = x + -93. Calculate the remainder when k is divided by 3.
2
Let v(f) = f**3 + 7*f**2 - 15*f + 12. Suppose 3*o = 6*o + 3. What is the remainder when v(-8) is divided by 1*o - (-19 - -8)?
8
Let p = 327 - 335. What is the remainder when ((-6)/(-4))/(p + (-11221)/(-1400)) is divided by 26?
22
Let s(r) = 4*r + 13*r - 34 - 4 - r**2. Let f be 550/3025 - 53/(-11). What is the remainder when s(f) is divided by 13?
9
Let x = -3965 + 4033. Let w(o) = o**2 - 5*o + 1. Calculate the remainder when x is divided by w(-4).
31
What is the remainder when ((26/9)/13)/(((-21)/10341)/(-7)) is divided by 54?
10
Let g(k) = 4*k + 113. Let z be g(-27). Suppose -z*x + 2*x + 35 = -l, 0 = 3*x - 5*l - 19. Calculate the remainder when 49 is divided by x.
10
Let i(y) = 4*y**2 + 5*y + 1. Let z be i(-4). Let x = -38 + z. Suppose -2*o + 13 = -0*o + 5*q, 2*o - q = x. Calculate the remainder when 26 is divided by o.
2
Suppose -305 = -4*b - w, -5*b - 5*w + w + 373 = 0. Let i(s) = 4*s + 3. Calculate the remainder when b is divided by i(9).
38
Let q = 477 - 474. Suppose -q*b - 2 = -14, 3*m = -5*b + 158. What is the remainder when 180 is divided by m?
42
Let z(l) = -2*l**2 - 68*l - 150. Calculate the remainder when 901 is divided by z(-9).
1
Calculate the remainder when (-505*48/(-300))/((-4)/(-10)) is divided by 0 - 1 - (-2 - 28).
28
What is the remainder when (-162)/(-12)*28/6 is divided by 8?
7
Let t(k) = k**3 - 4*k**2 + 2*k + 2. Let m be t(3). Let a be -16*(-35)/(-10) - (m - -1). What is the remainder when 59 is divided by 3/2*a/(-6)?
3
Let u be -4*(-78)/24 + -3. Suppose 5*y = 125 - u. Calculate the remainder when 113 is divided by y.
21
Let o be -4*(-2)/(-4)*-3. Let t be 19/3 - o - (-16)/6. Suppose -t*q + q = -36. Calculate the remainder when 33 is divided by q.
15
Suppose 2*i - x = 275, -5*i = 903*x - 906*x - 689. What is the remainder when i is divided by 10?
6
Let c be 3 - 27/12 - 15/(-12). Suppose -1128 = -26*f + c*f. Let t(b) = -14*b**3 + 2*b + 1. What is the remainder when f is divided by t(-1)?
8
Suppose 12*q - 1326 = 25*q. Let l be q/(-12)*2 + 0 + 0. Suppose -l*f - 40 = -21*f. What is the remainder when 17 is divided by f?
7
Let t = 1228 - 1206. Calculate the remainder when 306 is divided by t.
20
Suppose 210 + 1092 = 9*y - 2*y. Calculate the remainder when y is divided by 13.
4
Let v = -85 - -85. Suppose 6*q - 4*q - 162 = v. Let r = q + -76. Calculate the remainder when 6 is divided by r.
1
What is the remainder when 157 is divided by (-70)/(-4)*(-210)/(-245)?
7
Let p(b) = b**3 + 65*b**2 + 170*b - 320. Calculate the remainder when p(-62) is divided by 119.
77
Let r be -231 + 8*3/12. Let n = -183 - r. What is the remainder when n is divided by (-4)/14 + (-86)/(-7)?
10
Let l(b) = 62*b**3 - 9*b**2 + 10*b - 2. Calculate the remainder when 281 is divided by l(1).
37
Let a = 13187 + -13185. What is the remainder when 141 is divided by a?
1
Let v = -118 - -144. Let p(j) = 3*j**2 - 3*j + 31. Calculate the remainder when p(5) is divided by v.
13
Suppose 2*m - 4*o - 72 = 0, -8*m - 2*o = -10*m + 74. Suppose 3*u - p = 96, -m = 4*u + 5*p - 147. Calculate the remainder when 276 is divided by u.
28
Calculate the remainder when (8 - 6)*((-3549)/(-54) - (-10)/(-45)) is divided by 66.
65
Let r be (2/(-4))/(4/(-240)). Let w be (-10)/r - (-16)/(-6). Calculate the remainder when 106 is divided by ((w - 1) + 0)*88/(-16).
18
Suppose -1 = -d - 0*d, -2*d = k - 51. Calculate the remainder when (-1 - -11*(-11)/242)*-96 is divided by k.
46
Let j = 3890 - 3760. Calculate the remainder when j is divided by 50.
30
Let q = 156198 - 156175. Let y(x) = -2*x**3 - x**2 + 3*x + 2. Calculate the remainder when y(-3) is divided by q.
15
Suppose t + 7 = 10, 5*u - t = 132. Suppose -1302 = 6*a - u*a. Calculate the remainder when a is divided by 34.
28
What is the remainder when 60/8 + 12/(-24) - -4732 is divided by 158?
157
Let u(j) = -j**3 - 32*j**2 + 2*j + 245. Calculate the remainder when u(-32) is divided by 33.
16
Suppose 203*d - 159142 - 266390 + 44704 = 0. What is the remainder when d is divided by 40?
36
Let w(q) = 13*q**2 + 2*q + 64. Let k be w(-6). Let z = -518 + k. What is the remainder when 40 is divided by z?
0
Suppose 2*f = 4*m + 362, -4*f + 2*f + 370 = 4*m. Calculate the remainder when f is divided by 53.
24
Suppose -100*y + 16620 = -6480. Calculate the remainder when y is divided by 61.
48
Let k(x) = 16*x - 246. Calculate the remainder when 1164 is divided by k(22).
104
Let i = -1021 - -1081. What is the remainder when 9778 is divided by i?
58
Suppose 4*x - 2 = -4*n + 6, 0 = -5*n - 10. Let t(j) = -4*j + 69. Let r be t(17). Calculate the remainder when r - (-2)/((-2)/(-13)) is divided by x.
2
Let k = 691 - 439. Suppose 9*j - 37*j = -k. Calculate the remainder when 212 is divided by j.
5
Let m be 36/30*(-10)/(-4)*-1. Let z(r) = -53*r + 2. Let l be z(m). Suppose -5*c + l = -79. Calculate the remainder when c is divided by 14.
6
Let h(c) = c**2 + 8*c - 12. Suppose 2*j = 3*m + 44, -4*m + 0*m + 2*j = 56. Let a = m + 2. What is the remainder when h(a) is divided by 2?
0
Let s(f) = -f**3 + 17*f**2 - 60*f - 1. Let b be s(5). Let q(l) = -152*l**3 - 2*l**2 - 3*l - 1. Calculate the remainder when q(b) is divided by 39.
35
Let h(p) = -p**2 + 11*p + 3. Let c be h(11). Suppose -c*d = 3*f + 2*d + 4, 5*f + 2*d + 32 = 0. Let w = f + 40. What is the remainder when 189 is divided by w?
29
Let i = -811 - -820. What is the remainder when 332 is divided by i?
8
Let n(c) = 22*c + 1151. What is the remainder when 1093 is divided by n(-49)?
71
Let t(w) = w**2 - 12*w + 13. Let f be t(12). Calculate the remainder when 172 is divided by (7/2)/(f/26).
4
Let x(i) = -i**3 - 15*i**2 - 48*i - 88. What is the remainder when x(-12) is divided by 6/(-4)*-8 - -1?
4
Calculate the remainder when 669 is divided by (704/(-48) + 15)*552.
117
Suppose 97 = 3*m + 5*g, -7*g = -5*m - 3*g + 137. Calculate the remainder when 2/(-9) + 3250/875*602/18 is divided by m.
8
Let b(c) = c**3 - 4*c**2 - 10*c + 21. Let x be b(5). Calculate the remainder when 62 is divided by (x - 64)/(-2) + 0.
28
Suppose 2302 - 147 = 5*g. Calculate the remainder when g is divided by 233.
198
Suppose -11*q - 2 = 9. Calculate the remainder when 142 + q + (-6 - (-6 + -1)) is divided by 37.
31
Let y(o) = 8*o - 43. Suppose 3*m - 6 = 2*m. Suppose -2*b = m*b - 80. What is the remainder when 146 is divided by y(b)?
35
Let o(f) = 7*f + 13. Suppose -16*u = -6*u. Calculate the remainder when o(u) is divided by 8.
5
Let s(q) = -q**3 + 23*q**2 + 22*q - 932. Calculate the remainder when 78 is divided by s(22).
6
Suppose 2075 = 3*y - 4*q, 0 = -y + 5*q + 550 + 149. Suppose 5*i + 2*w = 3*w + 147, -w + 3 = 0. Calculate the remainder when y is divided by i.
29
Suppose 0 = -4*h - 4*c + 148, 106 = 3*c + 115. What is the remainder when 636 is divided by h?
36
Suppose 73 - 73 = 4*s. Suppose s = 8*a + 136 - 248. Calculate the remainder when 50 is divided by a.
8
Let y = -63 + 101. Let u = -15904 + 16320. Calculate the remainder when u is divided by y.
36
Let r = -23 - -72. Let d(w) = -6*w - 92. Let j = 92 - 109. Calculate the remainder when r is divided by d(j).
9
Let d = -12248 + 12795. Calculate the remainder when d is di